s 95869 a composite number?
False
Is 750641 composite?
False
Is 27933 a composite number?
True
Is 233549 prime?
True
Is 2291 composite?
True
Is 76207 composite?
False
Is 4391 prime?
True
Is 42821 a prime number?
True
Is 24161 prime?
False
Is 50419 a prime number?
False
Is 868463 a prime number?
False
Is 44017 composite?
False
Is 33479 a composite number?
False
Is 147442 prime?
False
Is 112351 a prime number?
False
Is 6617 prime?
False
Is 42323 prime?
True
Is 79411 prime?
True
Is 6547 composite?
False
Is 87161 composite?
True
Is 17287 prime?
False
Is 5293 a composite number?
True
Is 123989 prime?
True
Is 2533 composite?
True
Is 153059 prime?
True
Is 51097 a prime number?
False
Is 480899 prime?
False
Is 1624757 composite?
False
Is 2245 composite?
True
Is 4201 a prime number?
True
Is 35393 composite?
False
Is 403433 composite?
False
Is 15853 prime?
False
Is 301663 a prime number?
False
Is 77753 a prime number?
False
Is 9742 prime?
False
Is 308291 composite?
False
Is 14683 prime?
True
Is 12451 prime?
True
Is 10109 composite?
True
Is 213595 composite?
True
Is 128993 composite?
False
Is 93491 composite?
False
Is 18041 a composite number?
False
Is 13487 prime?
True
Is 23231 prime?
False
Is 1339385 prime?
False
Is 623293 a prime number?
False
Is 146669 a composite number?
False
Is 3005 composite?
True
Is 6049 a prime number?
False
Is 41047 a prime number?
True
Is 114017 a prime number?
False
Is 5183 a composite number?
True
Is 7601 a composite number?
True
Is 13891 prime?
False
Is 343787 composite?
False
Is 281963 a composite number?
True
Is 244243 a prime number?
True
Is 15131 prime?
True
Is 1163417 composite?
False
Is 369157 a composite number?
True
Is 467 a composite number?
False
Is 21541 prime?
False
Is 2923 composite?
True
Is 3433 a prime number?
True
Is 9533 prime?
True
Is 203761 a composite number?
False
Is 155063 composite?
True
Is 305299 a composite number?
True
Is 11861 prime?
False
Is 3989 composite?
False
Is 174703 a prime number?
True
Is 1973 a composite number?
False
Is 864139 a composite number?
True
Is 2897 composite?
False
Is 165437 composite?
False
Is 34363 a prime number?
False
Is 376231 a prime number?
True
Is 584017 composite?
True
Is 2334329 composite?
False
Is 137039 a composite number?
True
Is 10997 prime?
False
Is 375269 a prime number?
False
Is 1834597 prime?
True
Is 101991 prime?
False
Is 7858427 prime?
True
Is 84529 a prime number?
False
Is 2797349 prime?
False
Is 3647 a prime number?
False
Is 42593 a composite number?
True
Is 26621 a prime number?
False
Is 342331 prime?
False
Is 4751 a prime number?
True
Is 234901 a composite number?
True
Is 11639 prime?
False
Is 226169 composite?
False
Is 761011 composite?
True
Is 880211 composite?
False
Is 554537 composite?
True
Is 30455 composite?
True
Is 124445 prime?
False
Is 79327 a prime number?
False
Is 352867 composite?
False
Is 30067 a composite number?
True
Is 114265 a composite number?
True
Is 2548041 a prime number?
False
Is 526027 composite?
False
Is 2831 a prime number?
False
Is 50329 a composite number?
False
Is 1258337 a prime number?
True
Is 1460721 prime?
False
Is 386551 a composite number?
True
Is 1397 prime?
False
Is 188869 prime?
True
Is 194671 composite?
False
Is 321355 a composite number?
True
Is 165779 a prime number?
True
Is 69743 a prime number?
False
Is 4507 prime?
True
Is 15727 a prime number?
True
Is 17693 a prime number?
False
Is 80866 a prime number?
False
Is 3022 a composite number?
True
Is 4559 composite?
True
Is 2877359 a prime number?
True
Is 218753 composite?
True
Is 3267709 a composite number?
True
Is 7069 composite?
False
Is 14519 a prime number?
True
Is 3691 prime?
True
Is 31463 a prime number?
False
Is 173263 a composite number?
False
Is 40249 a prime number?
False
Is 2451203 a prime number?
True
Is 184286 a prime number?
False
Is 13393 composite?
True
Is 709 prime?
True
Is 3263 composite?
True
Is 161503 a composite number?
False
Is 218783 a prime number?
True
Is 291151 a prime number?
False
Is 71317 a composite number?
False
Is 19373 a composite number?
False
Is 18899 prime?
True
Is 537 composite?
True
Is 1548149 a prime number?
True
Is 388013 composite?
True
Is 176413 a composite number?
False
Is 18167 prime?
False
Is 27473 a prime number?
False
Is 53767 prime?
False
Is 205831 a composite number?
True
Is 587513 a prime number?
True
Is 15454 prime?
False
Is 100907 a prime number?
True
Is 1916309 a composite number?
False
Is 70377 composite?
True
Is 77329 a composite number?
True
Is 150781 a prime number?
False
Is 2287703 prime?
False
Is 5299 a composite number?
True
Is 286487 a prime number?
True
Is 11513 composite?
True
Is 90901 prime?
True
Is 604649 prime?
True
Is 163 a composite number?
False
Is 626061 prime?
False
Is 458365 a prime number?
False
Is 21787 a composite number?
False
Is 42509 prime?
True
Is 87251 a prime number?
True
Is 755993 a prime number?
False
Is 21277 composite?
False
Is 1046459 prime?
True
Is 300923 a prime number?
False
Is 449809 prime?
False
Is 84991 a prime number?
True
Is 105071 prime?
True
Is 330917 a composite number?
False
Is 26801 a prime number?
True
Is 5541 prime?
False
Is 2921 prime?
False
Is 21913 a prime number?
False
Is 143947 prime?
True
Is 352309 composite?
False
Is 88463 prime?
True
Is 10015 composite?
True
Is 24117 composite?
True
Is 362851 a prime number?
True
Is 485038 a prime number?
False
Is 1109 a composite number?
False
Is 23347 a composite number?
True
Is 6883 prime?
True
Is 11794 composite?
True
Is 131809 composite?
True
Is 235439 a composite number?
False
Is 209497 a prime number?
True
Is 560383 a composite number?
True
Is 6197 prime?
True
Is 130769 a prime number?
True
Is 6145 prime?
False
Is 1126313 a composite number?
False
Is 1585897 composite?
False
Is 179857 prime?
False
Is 849 prime?
False
Is 20821 prime?
False
Is 2087997 a prime number?
False
Is 26485 prime?
False
Is 93614 a prime number?
False
Is 80363 a composite number?
False
Is 569659 a composite number?
False
Is 9941 composite?
False
Is 246889 a composite number?
False
Is 36451 a composite number?
False
Is 4451 composite?
False
Is 1801 prime?
True
Is 492053 a composite number?
False
Is 341879 a prime number?
True
Is 6995 prime?
False
Is 10691 a prime number?
True
Is 63887 prime?
False
Is 18877 prime?
False
Is 3557 prime?
True
Is 484339 a composite number?
False
Is 650703 a composite number?
True
Is 2257 prime?
False
Is 200143 composite?
True
Is 277411 composite?
False
Is 315481 a prime number?
True
Is 1151861 a prime number?
True
Is 25001 a composite number?
True
Is 32937 prime?
False
Is 163403 a composite number?
False
Is 32257 a prime number?
True
Is 1428463 a composite number?
True
Is 4967951 composite?
True
Is 117953 a composite number?
True
Is 142003 prime?
False
Is 123995 composite?
True
Is 18227 prime?
False
Is 83047 a prime number?
True
Is 137303 composite?
False
Is 57061 a prime number?
False
Is 233101 prime?
False
Is 3053 a composite number?
True
Is 123631 prime?
True
Is 51539 a composite number?
False
Is 112663 a composite number?
False
Is 17657 composite?
False
Is 5129 prime?
False
Is 177569 composite?
True
Is 7789 a prime number?
True
Is 10775971 composite?
False
Is 46957 prime?
True
Is 139099 a composite number?
True
Is 4903 prime?
True
Is 220273 a composite number?
True
Is 189127 composite?
False
Is 1200077 composite?
False
Is 15446 prime?
False
Is 56167 composite?
False
Is 887 a composite number?
False
Is 115195 a composite number?
True
Is 3739 a prime number?
True
Is 2227 a prime number?
False
Is 45143 composite?
True
Is 515 a composite number?
True
Is 1285 a composite number?
True
Is 753427 prime?
True
Is 93523 composite?
False
Is 533 composite?
True
Is 1577 composite?
True
Is 119897 a prime number?
False
Is 335771 prime?
True
Is 11677 composite?
False
Is 835 a prime number?
False
Is 403321 a composite number?
True
Is 142771 composite?
False
Is 16301 prime?
True
Is 2911 prime?
False
Is 594039 a composite number?
True
Is 137377 composite?
True
Is 164071 composite?
False
Is 43399 a composite number?
False
Is 75559 a prime number?
False
Is 54083 a composite number?
False
Is 13249 composite?
False
Is 10589 composite?
False
Is 91087 composite?
True
Is 133033 composite?
False
Is 13667 prime?
False
Is 40589 prime?
Fals